*j. Calculate the greatest common divisor of j and 528.
12
Suppose 5*r - i - 137 = 0, 89 = 3*r - 125*i + 121*i. Let l be 2/1 - (6 - 1). Let d = l - -6. What is the highest common divisor of r and d?
3
Suppose 54*b - 46649 + 8687 = 0. What is the greatest common divisor of 19 and b?
19
Let j(f) = f**3 + 57*f**2 - 185*f - 286. Let t be j(-60). Calculate the greatest common divisor of t and 1022.
14
Suppose 2*s - 2*z - 4206 + 712 = 0, 5*z + 5251 = 3*s. Calculate the greatest common factor of s and 260.
26
Let i(p) = -22*p + 41. Suppose 10*g - 14*g + 3*m = 22, 3*g + 2*m = -8. Let l be i(g). Calculate the highest common divisor of 43 and l.
43
Let u be (-4 - ((-7 - -3) + 4))*-1. Suppose -21*o + 19*o + 48 = 2*v, -o + v = -16. Calculate the highest common divisor of u and o.
4
Let z = 48 + -43. Suppose m = -m + p + 187, 5*p = z. Let o = m - 59. What is the highest common factor of 5 and o?
5
Let o(w) = -2*w + 13. Let d be o(-11). Let q = -303 + 359. What is the highest common divisor of q and d?
7
Suppose -6*n = -9 + 3. Suppose -3*h + n + 68 = 0. Suppose 2*j - 5*k = 23, -3 + h = 2*j - 4*k. Calculate the greatest common factor of 24 and j.
4
Let q be 3 + -4 + 11 - (-75 - -84). Calculate the greatest common factor of 344 and q.
1
Let n(u) = u - 3. Let r be n(6). Suppose -5*w + 12 = -r*w. Suppose 2*x - 4*x = -4*b - w, 2*x = -5*b + 33. Calculate the highest common divisor of x and 9.
9
Let f = -3766 - -3864. Let g = 41 - 27. What is the highest common divisor of f and g?
14
Let w(g) = g**3 - 5*g**2 - 20*g - 9. Let a(z) = z**3 - 2*z**2 + 8*z - 25. Let d be a(3). Let u be w(d). What is the highest common divisor of 23 and u?
23
Let f = 119 + -111. Suppose -9*a = f*a - 119. Calculate the highest common divisor of a and 77.
7
Let m be 165*(6 + 143/(-33)). Calculate the highest common divisor of 925 and m.
25
Let v(z) = -11*z**3 + z**2 + 24*z + 8. Let r be v(-5). Suppose -19*t - r = -26*t. Calculate the greatest common factor of t and 115.
23
Suppose 93*c - 2488 = 89*c. Suppose 0 = -21*n + 596 + c. What is the highest common divisor of 58 and n?
58
Let k(m) = -m**2 - 27*m + 76. Let x = 39 + -67. Let s be k(x). Calculate the highest common divisor of s and 84.
12
Let z(m) = 130*m - 1232. Let c be z(16). What is the greatest common divisor of c and 53?
53
Suppose -60*m = -56*m - 16. Suppose m*i + 3*x - x - 112 = 0, 68 = 2*i - 2*x. Suppose 2*s + i - 174 = 0. Calculate the highest common divisor of 8 and s.
8
Suppose 0 = -8*i + 318 + 354. Suppose -l - i = 3*l. Let o be 0/(-2) - l*(-16)/(-12). Calculate the highest common divisor of 8 and o.
4
Let h = 98 + -45. Let l = h - -55. Calculate the greatest common divisor of l and 54.
54
Let x be 3321/(-1845) + 10768/10. What is the greatest common factor of 559 and x?
43
Let q = -21737 - -21776. Calculate the highest common factor of 411 and q.
3
Suppose -87*i + 111925 = -287144. Calculate the greatest common divisor of i and 11.
11
Suppose 5*l - 3580 = -5*v, -551*l = -553*l - 5*v + 1432. What is the greatest common factor of l and 6265?
179
Let d be -49*36/210*-5. Suppose -279 = -4*v - j, 3*v - 214 = -2*j + 6*j. What is the highest common divisor of v and d?
14
Let g(k) = 10*k**2 - 1 + k**3 - 10 - 1 - 6*k. Let b be g(-10). Let y = -123 + 183. What is the greatest common factor of y and b?
12
Suppose 38*b - 1352 = 1764. What is the greatest common divisor of 1886 and b?
82
Let c = 15006 - 14666. What is the greatest common factor of 1460 and c?
20
Let u(k) = 2*k**3 - 3*k**2 + 3*k - 6. Let j be u(3). Suppose 0 = 8*r - 23 - 9. Let z be (r/10)/(4/180). What is the greatest common divisor of j and z?
6
Let c be 648/13 - (-26)/169. Let f be 1 - -7 - 9/3. Suppose 2*p - c = 3*z, -4 = f*z + 6. What is the greatest common divisor of 33 and p?
11
Suppose -443 = 2*s - i, -5*s - 796 = 4*i + 305. Let p = -187 - s. Calculate the greatest common divisor of 85 and p.
17
Let r = -6 - -29. Let g = r - 17. Suppose -27 = -2*o - 15. What is the greatest common divisor of o and g?
6
Suppose 5*s - 37850 = 2*o, 8*o = 5*s + 3*o - 37865. Suppose 334*l - s = 326*l. Calculate the greatest common factor of l and 22.
22
Suppose 14*x - 12*x - 21 = -3*y, y = x + 2. Suppose 900 = y*u - 9*p + 4*p, 20 = 5*p. What is the highest common divisor of 8 and u?
8
Suppose 2*k = 5*k - 21. Let j(r) be the third derivative of r**4/24 + 21*r**3/2 + 23*r**2. Let o be j(0). Calculate the greatest common divisor of k and o.
7
Suppose 5*u - 24 = 16. Suppose u*f - 67 = -3. Calculate the greatest common divisor of f and 232.
8
Let s be (-44505)/(-135)*(-2 + 1 - (-5 + 1)). What is the highest common factor of 172 and s?
43
Let x = -1468988 + 1469108. Let g be 7/(-3) - (-1)/3. Let s be g/7 - 170/(-7). What is the greatest common divisor of s and x?
24
Let t = -556 + 571. Let k be (12/t)/(6 + 2936/(-490)). What is the greatest common factor of 28 and k?
14
Let y = 1632 - -1368. Calculate the greatest common divisor of 15 and y.
15
Let k be ((-42)/28)/((-5)/(20/6)). Let q be (k - 29)*61/(-122). What is the highest common factor of q and 14?
14
Let g = 52 + -49. Suppose o + 16 = -g*o, 3*o = -5*w + 8. Suppose -2*l - 3*p = -79, 4*l - 84 = 2*l - w*p. Calculate the greatest common divisor of l and 224.
32
Suppose 0 = 3*o - 6*o + 24. Let q(n) = 102*n + 5. Let d be q(3). Let r = d - 309. Calculate the highest common factor of o and r.
2
Let k be -5*(198/(-10) + -1). Suppose 2969 = 244*f - 935. Calculate the highest common divisor of k and f.
8
Suppose -t + 489 = -371*w + 376*w, 3*w = -9. Calculate the highest common factor of t and 1638.
126
Let b = -4360 + 4534. What is the greatest common divisor of b and 1798?
58
Suppose -b + 201 = 3*v, 2*v + 96 = 3*b - 485. Let t(x) = 15*x - 30. Let w be t(3). Calculate the highest common divisor of w and b.
15
Suppose 2*g = -3*g + 25. Suppose 26*j - 28*j - 346 = 0. Let w = 208 + j. Calculate the highest common factor of w and g.
5
Let j be 9/2*16/(-96)*1*-4. What is the highest common divisor of 4677 and j?
3
Suppose -5*y + 384 = -21*y. Let p = 34 - y. What is the greatest common factor of 290 and p?
58
Suppose i + 112 + 86 = 4*q, 0 = -2*i + 4. Suppose -250 = 10*m - 15*m. What is the greatest common factor of m and q?
50
Let s be ((-3)/2 + 0)/((-9)/168). Let m be (0 - 0)/(-5) + -2. Let i be (m + 0)*7/(-2). What is the greatest common divisor of i and s?
7
Let a = 777 + -870. Let v = a + 352. What is the greatest common factor of 28 and v?
7
Let u = 56 + 784. Suppose -13*k + u = 190. Calculate the highest common factor of k and 40.
10
Let x(a) be the second derivative of -1/2*a**3 + 5*a + 53/2*a**2 + 0. Let v be x(-9). What is the highest common factor of 16 and v?
16
Let s(x) = 5*x**3 - 32*x**2 + 21*x + 40. Let c be s(8). What is the greatest common factor of c and 9?
9
Let n(q) = -q**3 + 6*q**2 + 23*q - 56. Let b be n(6). What is the highest common divisor of 2337 and b?
41
Suppose -5 = -2*b - 13. Let w = -3 - 18. Let m be 6/8 + w/b. Calculate the greatest common divisor of 2 and m.
2
Let w = 15480 - 15400. What is the highest common factor of w and 1515?
5
Let d(u) = -50*u - 360. Let q be d(-10). Let p be (-636)/(-18) + (-2)/6. What is the highest common factor of p and q?
35
Let c(s) = -s**3 - 3*s**2 + s + 5. Let q be c(-4). Let v = -17120 + 17154. What is the greatest common factor of q and v?
17
Suppose -z + 5*d + 217 = 4*d, 2*d - 838 = -4*z. Calculate the greatest common divisor of z and 7314.
106
Let m = 3468 + -3156. Calculate the greatest common divisor of m and 884.
52
Let l = 3289 - 2878. Calculate the highest common factor of 6 and l.
3
Let r(z) = -5*z + 1829 - 909 - 909. Let q be r(-5). What is the highest common divisor of 32 and q?
4
Suppose 44 = 2*w + 2. Let g = -27 - -29. Suppose -g*q - 9 + 37 = 0. Calculate the greatest common divisor of w and q.
7
Suppose 401 = -7*c + 65. Let j = c - -58. Let q = 44 + j. What is the highest common divisor of q and 324?
54
Suppose -4*m = -220 + 56. Suppose -46*u + 280 = -m*u. Let y = 64 - u. What is the highest common divisor of 40 and y?
8
Let n = 13920 - 13887. What is the greatest common divisor of n and 17193?
33
Let k(s) = 4*s - 82. Let d be k(20). Let q be d/((-93)/(-33) + -3) - -4. What is the highest common factor of q and 145?
5
Let r(c) = -2*c**3 - 210*c**2 + 201*c - 718. Let b 